{"id":10,"date":"2013-10-10T10:10:47","date_gmt":"2013-10-10T08:10:47","guid":{"rendered":"https:\/\/jaeggischreinerei.ch\/cms\/?page_id=10"},"modified":"2013-11-11T19:19:38","modified_gmt":"2013-11-11T18:19:38","slug":"portrait","status":"publish","type":"page","link":"https:\/\/jaeggischreinerei.ch\/?page_id=10","title":{"rendered":"Portrait"},"content":{"rendered":"<div class=\" one-half first\"><img loading=\"lazy\" src=\"https:\/\/jaeggischreinerei.ch\/wp-content\/uploads\/jaeggi-ag-schreinerei-martin-jaeggi-portrait.png\" alt=\"jaeggi-ag-schreinerei-martin-jaeggi-portrait\" width=\"135\" height=\"320\" class=\"alignright size-full wp-image-370\" srcset=\"https:\/\/jaeggischreinerei.ch\/wp-content\/uploads\/jaeggi-ag-schreinerei-martin-jaeggi-portrait.png 135w, https:\/\/jaeggischreinerei.ch\/wp-content\/uploads\/jaeggi-ag-schreinerei-martin-jaeggi-portrait-126x300.png 126w\" sizes=\"(max-width: 135px) 100vw, 135px\" \/>Die Entstehungsgeschichte der J\u00e4ggi AG Schreinerei f\u00fchrt ins Jahr 1984 zur\u00fcck, als Martin und Christine J\u00e4ggi in Oeschgen (AG) eine alte Scheune erwarben, mit der Absicht, diese als Wohnraum f\u00fcr die sechsk\u00f6pfige Familie und als Werkstatt f\u00fcr den geplanten Schreinereibetrieb zu nutzen.<\/p>\n<p>Nach l\u00e4ngeren Umbauarbeiten gr\u00fcndeten sie 1987 die J\u00e4ggi Schreinerei als Einzel-unternehmen. Das Dienstleistungsangebot ver\u00e4nderte sich im Verlaufe der Zeit durch die sich stetig wandelnden Kundenbed\u00fcrfnisse und technischen M\u00f6glichkeiten.<\/div>\n<div class=\" one-half\">So stellten anf\u00e4nglich eher Restaurations- und Reparaturarbeiten alter M\u00f6bel die Hauptt\u00e4tigkeit dar, welche sich allm\u00e4hlich auf s\u00e4mtliche Bereiche der Holzbearbeitung im Rahmen des Innenausbaus resp. Umbaus ausdehnte und die Beschaffung neuer Arbeitsmittel, wie beispielsweise die Furnierpresse, erforderte.<\/p>\n<p>W\u00e4hrend dieser Expansionsphase wurde im Jahre 1990 auch die Produktionsfl\u00e4che durch die Erweiterung der Werkstatt vergr\u00f6ssert.<\/p>\n<p>Im Jahre 2011 wurde die Werkstatt in den Neubau am Birkenweg 455 verlegt, um weitere Produktionsfl\u00e4che zu erschliessen und Arbeitsabl\u00e4ufe  effizienter zu gestalten. Diese erneute Expansion ging einher mit der Gr\u00fcndung einer Aktiengesellschaft: Der heutigen J\u00e4ggi AG Schreinerei.<\/div>\n","protected":false},"excerpt":{"rendered":"","protected":false},"author":3,"featured_media":0,"parent":0,"menu_order":7,"comment_status":"closed","ping_status":"closed","template":"","meta":[],"_links":{"self":[{"href":"https:\/\/jaeggischreinerei.ch\/index.php?rest_route=\/wp\/v2\/pages\/10"}],"collection":[{"href":"https:\/\/jaeggischreinerei.ch\/index.php?rest_route=\/wp\/v2\/pages"}],"about":[{"href":"https:\/\/jaeggischreinerei.ch\/index.php?rest_route=\/wp\/v2\/types\/page"}],"author":[{"embeddable":true,"href":"https:\/\/jaeggischreinerei.ch\/index.php?rest_route=\/wp\/v2\/users\/3"}],"replies":[{"embeddable":true,"href":"https:\/\/jaeggischreinerei.ch\/index.php?rest_route=%2Fwp%2Fv2%2Fcomments&post=10"}],"version-history":[{"count":24,"href":"https:\/\/jaeggischreinerei.ch\/index.php?rest_route=\/wp\/v2\/pages\/10\/revisions"}],"predecessor-version":[{"id":513,"href":"https:\/\/jaeggischreinerei.ch\/index.php?rest_route=\/wp\/v2\/pages\/10\/revisions\/513"}],"wp:attachment":[{"href":"https:\/\/jaeggischreinerei.ch\/index.php?rest_route=%2Fwp%2Fv2%2Fmedia&parent=10"}],"curies":[{"name":"wp","href":"https:\/\/api.w.org\/{rel}","templated":true}]}}